 = 5*d. Suppose -48*a + d = -125. Determine i(a).
-8
Let i(b) = -1985*b + 7918. Let h be i(4). Let r(n) = 3*n + 25. Determine r(h).
-41
Let o be 2784/(-1740)*5/4. Let p(c) = -10*c - 3. What is p(o)?
17
Let h be 57 - 56 - 4/(12/(-15)). Let f(o) = -o**2 - 2*o + 7. Let z(i) = i - 1. Let l(v) = -f(v) - z(v). What is l(h)?
36
Let m(a) = -5*a**2 + a - 18. Let y(u) = -u**2 + u - 2. Let c(q) = -m(q) + 6*y(q). Let l(i) = 9*i + 59. Let g be l(-6). Calculate c(g).
6
Let g(d) = 21*d. Let z(o) = 363*o - 233. Let j(b) = -17*g(b) + z(b). What is j(37)?
-11
Let y(f) = f - 32. Let c(k) = 4*k + 292. Let x be c(-65). Calculate y(x).
0
Suppose 9*c = -904 + 103. Let u = c + 89. Let n(g) = -4 - 13*g - 2 + u + 15*g. Give n(-5).
-16
Suppose 10*y = 8*y + 2. Let h(o) = 128*o - 256*o + y + 134*o. What is h(1)?
7
Let d(c) = -c**2 + 28*c - 155. Let w be d(20). Let s(m) = -8*m - 10. Let p(l) = 3*l + 4. Let j(h) = w*p(h) + 2*s(h). Determine j(0).
0
Let q(w) = 28*w - 1. Suppose c + 4*o - 20 = 0, -2*c + 2*o + 20 = 5*o. Suppose -c*n = -a - 9, -2*n - 3*n = -3*a - 20. What is q(n)?
27
Let u(k) = 18*k**3 + 6*k**2 + 25*k + 23. Let p(f) = 9*f - 3*f**2 + 2*f**2 + 8 + 6*f**3 - 2*f**2 + 8*f**2 - 3*f**2. Let c(z) = 17*p(z) - 6*u(z). Determine c(1).
-7
Suppose -822*d = -836*d + 84. Let m(y) = -3*y + 9. What is m(d)?
-9
Suppose -4*s + 2*s = 3*f - 100, 4*s + 100 = 4*f. Suppose 17 = h - f. Suppose 35 = 2*i + h. Let p(d) = -d - 8. Calculate p(i).
-2
Suppose 3*w + 428*w - 2349 = 237. Let q(l) = -l**2 - l + 1. Let i(m) = -6*m**2 + m - 4. Let c(t) = -i(t) + 5*q(t). What is c(w)?
9
Let w(g) = -47 + 13 - 437*g + 216*g + 217*g. Calculate w(-8).
-2
Let t(g) = -3*g**2 + 0*g**3 - 6 + 18*g - 5*g**2 - g**3 + 9*g - 20*g. What is t(-8)?
-62
Let z(k) = -2*k**2 + k + 2. Let i(m) = -5*m**2 - 6*m + 17. Let u(q) = -i(q) + 2*z(q). Suppose 0 = 4*n - 2*n + 20. Calculate u(n).
7
Let r(j) = j**2 + j. Let z = -11329 - -11333. Let f(n) = 2*n**3 + n**2 - n + 1. Let a be f(1). Suppose -z*u - 12 = 0, 4*u = -a*c + 6*u + 18. What is r(c)?
20
Suppose -9 = 5*p - 3*l, 50*p + 4*l = 45*p + 12. Let v(m) be the third derivative of -1/8*m**4 + 14*m**2 - 4/3*m**3 + p*m + 0. Give v(-7).
13
Let z(g) = 20*g - 141. Let j be ((-5)/1)/5*8/(-1 + 0). Give z(j).
19
Let k(o) = -o**3 - 10*o**2 - 8*o - 4. Let t(f) be the third derivative of -f**6/60 + f**5/30 + f**4/12 - 5*f**3/6 + 46*f**2. Let l be t(2). What is k(l)?
-13
Let l(m) = 9 + 99*m + 120*m - 218*m. Let x be 1/(-2*(-3)/(-30)). Determine l(x).
4
Let v(d) be the second derivative of d**8/6720 + d**7/420 - d**6/80 + d**5/60 + 33*d**4/4 + 4*d + 21. Let y(g) be the third derivative of v(g). Determine y(-7).
16
Let r(l) = l + 4. Suppose 280 = 5*m + 5*b, 4*b = m + 4 - 60. Let i be 23/14*2 + m/(-196). Let f(o) = o**2 - o - 3. Let k(p) = i*f(p) + 2*r(p). Calculate k(-2).
13
Suppose 4*d - 5*q + 3*q - 4 = 0, 4*d = -5*q + 18. Let z(f) = -15542*f**3 - f - 3 - 3*f**2 + 3*f + 31089*f**3 - 15545*f**3. Give z(d).
5
Let t(o) = 4*o**2 - 4*o + 3. Let v = -265 + 360. Let h = v - 93. Give t(h).
11
Suppose 5*m = 3*o - 2 - 0, 0 = -4*m - o - 5. Let l(z) = -5*z**2 + 45721 - 22858 - 22862. What is l(m)?
-4
Let l(n) = n**2 + 3*n + 7. Let i be (-88)/(-396) + ((-8)/(-108))/(2/(-6)). Determine l(i).
7
Let q(v) = 0 - 1 + 2*v**2 + 9*v**3 + 0. Let h be ((-9)/99)/(5*6/(-330)). Calculate q(h).
10
Let l(g) = -84*g + 920*g**2 + 15*g**2 + 797 - 934*g**2. Determine l(11).
-6
Suppose -2*r = r - 3*u + 966, -4*u = 5*r + 1655. Let o = -320 - r. Let a(i) = -i**3 + 6*i**2 + 7*i + 3. What is a(o)?
3
Let k(z) = -16*z - 20. Let f = 23962 - 23963. What is k(f)?
-4
Let s be (-18)/(-4)*4/6. Suppose 0 = -4*k - s*o - o + 432, k + 2*o = 110. Let l(x) = k + 105 + x - 216. Give l(11).
6
Suppose -635 = 7*o + 3047. Let v = 526 + o. Let z(m) be the first derivative of m**3/3 - m**2/2 + m - 1. Give z(v).
1
Let g(d) = 9*d + 35. Let i(x) = 18*x + 72. Let w(b) = 7*g(b) - 4*i(b). Let h be w(-5). Let l(j) = 9*j. Calculate l(h).
18
Let x(n) = -n**2 + 2. Let y = 305 + -616. Let k = y + 307. Determine x(k).
-14
Let l(d) be the third derivative of 0*d + 4/3*d**3 - 5/24*d**4 - 1/60*d**5 - 132 + d**2. Calculate l(-4).
12
Let i(m) = -10*m**2 - 2 - 2 + m**3 + 2 - 3. Suppose -2*v + 70 = 5*v. Calculate i(v).
-5
Suppose v - 5*y = 22, 3*v + 4*y = 6*v - 22. Let m(c) = 13*c**2 + v + 10*c + 3*c**2 - 15*c**2. Calculate m(-6).
-22
Let x(y) = y**3 + 3*y**2 - 5*y - 4. Suppose m + j + 5 = 0, -5*m = -m - 2*j - 10. Suppose -4*f + 16 = -5*s, 2*s + m + 5 = 3*f. Calculate x(s).
0
Let z(c) = -11*c**3 + 17*c**2 + 4*c + 76. Let d(k) = -9*k**3 + 16*k**2 + 5*k + 70. Let g(x) = 5*d(x) - 4*z(x). Give g(13).
-6
Let j(y) = 121*y + 3989. Let a be j(-33). Let x(k) = 33*k + 130. Give x(a).
-2
Let l(k) = -k**3 + 2*k**2 + 21*k - 26. Let g(b) = -b**3 + 2*b**2 + 26*b + 13. Let d be g(-4). Give l(d).
4
Let v = -16336 - -16330. Let c(n) = 5*n - 17. Let a(b) = 2*b - 8. Let g(u) = 13*a(u) - 6*c(u). Give g(v).
22
Let d(l) = -l**2 + 26*l - 60. Suppose 10 = h - 7 - 7. Determine d(h).
-12
Let d(u) = 12*u**2 + 2*u + 1. Let a(x) = -39*x**2 - 7*x - 4. Let v(f) = f + 4. Let i be v(-2). Let t(m) = i*a(m) + 7*d(m). Determine t(-1).
5
Let t(v) = 58*v - 54. Let b be t(1). Let x(p) = -7*p + 12. Determine x(b).
-16
Let a be 4*(-3 + 20/8). Let r be (367/a)/((-2)/4). Let y(d) = -186 + 5*d + r - 4*d**2 - 183 + 5*d**2. Give y(-5).
-2
Let y be (2 + 4)/6*196. Let m(v) = 2*v + 201 - 395 + 2*v**2 + y. Determine m(-2).
6
Let n(i) = -i**2 + 0*i**2 + 11*i - 2*i - 14. Let w(h) = h**3 - 73*h**2 + 392*h + 68. Let l be w(6). Give n(l).
-6
Let v(b) be the first derivative of b**2/2 - 11*b - 1. Suppose 565 = 5*g + 5*d, 4*d - 24 = -20. Suppose y = 15*y - g. Calculate v(y).
-3
Let w be 3 - (1 + (-2 - 1)). Suppose -5*a + 6 = g - 6, 3*g = -w*a + 16. Suppose g*l - 27 = -25. Let r(u) = -u - 1. Give r(l).
-2
Let p(q) = -q**3 - q**2 - 2*q - 72. Let t(o) = 13*o**2 - 49*o - 810. Let m be t(10). Determine p(m).
-72
Let a(b) be the second derivative of 10*b**3/3 - 3*b**2/2 + b. Let j = 221 - 227. Let m(p) = 7*p - 1. Let v(w) = j*a(w) + 17*m(w). Calculate v(5).
-4
Let h be ((-90)/35)/(9/42 + 0). Let p be (-9)/h*-2*6. Let v(o) = o**2 + 7*o - 11. Determine v(p).
7
Let t(z) = -z**3 + 10*z**2 + 6*z - 62. Let r be t(10). Let u(a) = -6*a**3 - 2*a**2. Determine u(r).
40
Let b be (25/3 - 1) + (-35)/(1680/(-32)). Let p(q) = 15*q - 13*q - 14 - 2. Determine p(b).
0
Let p(j) = -j**2 + 4. Let q be (-60)/9*(-357)/85. Suppose -21*n = -q*n - 21. Determine p(n).
-5
Suppose -16 = -5*d - 56. Let i be 0 + -5 + (3 - d). Let c(l) = l**2 - 7*l + 5. Determine c(i).
-1
Suppose 0 = 3*i - 45 + 21. Let q(x) be the third derivative of x**4/4 - 22*x**3/3 + x**2 - 52*x. Give q(i).
4
Let x = 13 - 4. Let o(z) = 10*z - 2*z + 16 + 16 - 36 - 7*z. Give o(x).
5
Let v be 18/30*-35 - -15. Let x(l) = 2*l**3 + 9*l**2 - 15*l + 16. Give x(v).
-2
Let f(i) = -5*i - 28. Let j(m) = m - 8. Let y be j(10). Let a(n) = 1. Let r(l) = y*a(l) + f(l). Let z(c) = -2*c - 9. Let k(o) = -4*r(o) + 11*z(o). What is k(4)?
-3
Let s = 94 - 34. Suppose 2*n = -3*c - 38, 7*c - 3*c = -5*n - s. Let l be 2 + ((-48)/(-20))/((-4)/c). Let h(d) = d**3 - 7*d**2 - 9*d + 2. Calculate h(l).
-6
Suppose -450 = -22*o + 17*o. Suppose -o = 59*i - 41*i. Let g(r) = r + 3. Determine g(i).
-2
Let i be -6*((-6)/(-9) + -1). Suppose -i*y - 3*y = -35. Let c(l) = l**2 + 23*l - 3*l + y - 12*l. What is c(-7)?
0
Let p(v) = v**2 - 2*v - 236. Let a be p(16). Let z(m) = -m**2 - 12*m - 11. Calculate z(a).
-11
Let h(d) = -d**2 - d + 25. Let a be h(0). Let r be 10/a - (-32)/(-5). Let n(u) = -8795*u + 4393*u - 5 + 1 + 2 + 4401*u. Calculate n(r).
4
Suppose 7*i = 4*i + 9, 5*t + 128 = i. Let h = 830 + -814. Let k = t + h. Let z(d) = d + 11. What is z(k)?
2
Let c(p) = -6*p + 124. Suppose -3*g - 107 = -5*n + 2, 5*n - 107 = 4*g. What is c(n)?
-14
Suppose -5*n + 35 + 15 = 0. Let x(d) = -25*d + 242. Let f be x(n). Let l(b) = b**3 + 7*b**2 - 10*b + 11. Determine l(f).
27
Let n(h) = 4*h + h - 4*h + 12. Suppose 0 = -5*c + 4*r + 49, 0 = 2*c - 1016*r + 1021*r + 20. Give n(c).
17
Let p(g) = -31 + 6 + 9 + g + 15. Let j(u) = -6*u + 13 + 0*u - u. Let s(y) = -j(y) - 6*p(y). What is s(9)?
2
Let m = -26 - -69. Let j = m + -41. Let t(d) = 77 - 156 + j*d + 75. Calculate t(5).
6
Let s(q) = 2 - 5*q + 8*q**2 - 2*q - 18*q**3 + 8*q**3 + 11*q**3. Let w = 1